- i. What are the prime factors of y?
2
Suppose -4*i + 2*i = 16. Let n = i + 13. Suppose -n*r + 5 = -10. List the prime factors of r.
3
What are the prime factors of (-16)/(-1)*(-4)/(-2)?
2
Let u(m) = m**2 + m. What are the prime factors of u(-8)?
2, 7
Let v = 2 - 2. Suppose v = -m + 16. What are the prime factors of m?
2
Suppose 0 = -n - 3 + 5. Suppose 2*k = 3*k. Let y = n - k. List the prime factors of y.
2
Let y(s) = 29*s**2 - 12*s - 11. List the prime factors of y(-1).
2, 3, 5
List the prime factors of (33 - -1) + (-1 - -1).
2, 17
Let b(u) = u**2 + 7*u + 2. Let n be b(-7). Let v be ((-4)/n + 1)*-4. Suppose v*g - 29 = d, 0 = 2*g - d + 3*d - 12. What are the prime factors of g?
7
Suppose -25*n + 45 = -20*n. Let s = 24 - n. List the prime factors of s.
3, 5
Suppose 3*w + 3*a - 375 = 0, 0 = 3*a - 4 + 1. List the prime factors of w.
2, 31
Let d = 14 + -7. List the prime factors of d.
7
Let r = 4 - 4. Let c = 5 + r. List the prime factors of c.
5
Let w = -7 + 13. Suppose -8 = 2*j - 6*j. What are the prime factors of w*-2*j/(-8)?
3
Suppose -10 = 7*d - 80. List the prime factors of d.
2, 5
Suppose i = -i - 6. List the prime factors of (-6)/2*10/i.
2, 5
Let p(z) be the second derivative of 3/2*z**2 + 0 + z - 1/6*z**3. List the prime factors of p(0).
3
Suppose -6*z + 2*z - 572 = -4*c, 0 = 4*c + 4*z - 548. What are the prime factors of c?
2, 5, 7
Suppose -3 = 3*c, 2*u - 2 = 5*c + 3. Suppose 0 = -2*k + 13 + 7. List the prime factors of u/3 - (-2 - k).
2, 3
Let h(f) = f**2 + 22*f + 3. What are the prime factors of h(-25)?
2, 3, 13
Suppose -4*c = -3*c + 7. Let m = 23 + c. What are the prime factors of m?
2
Suppose i - 57 = 5*p + 36, 89 = i - 4*p. What are the prime factors of i?
73
Let h = 14 - -1. What are the prime factors of h?
3, 5
Let p(f) = 4*f**2 + 3. Let h be p(-3). Suppose -13 = -a - 5*b, 3*b + h = 3*a + b. What are the prime factors of a?
13
Let y(s) = s**2 + 7*s + 9. What are the prime factors of y(-14)?
107
Suppose -x + 4*f - 6 = -0*x, 4*x - 4*f = 12. List the prime factors of (-42)/24*-2*x.
3, 7
Let f = -26 - -157. What are the prime factors of f?
131
Let x = -6 - -8. Suppose 0 = 2*w - 17 + 9. Suppose x*c + w = 26. List the prime factors of c.
11
Let y = 5 + -3. Suppose 0*z + 5*z - 59 = -4*v, -5*z - y*v = -67. What are the prime factors of ((-70)/z)/(2/(-3))?
7
Let t(r) = -r**2 - 25*r + 7. Let d be t(-11). Let v = d - 106. List the prime factors of v.
5, 11
Let k(l) = -37*l - 1. What are the prime factors of k(-2)?
73
Let q be (-4 - -3)/((-1)/4). List the prime factors of (-30)/(-9)*6/q.
5
Let s = -59 - -68. List the prime factors of s.
3
Let a(g) = -3*g**3 - 2*g**2 - 6*g + 7. Let j(f) = -5*f**3 - 5*f**2 - 13*f + 14. Let h(l) = 7*a(l) - 4*j(l). List the prime factors of h(7).
2, 7
Let n be 84/(-39) + (-2)/(-13). List the prime factors of 9 + 3*n/(-6).
2, 5
Let o = -122 + 205. List the prime factors of o.
83
Let s = -125 + 261. What are the prime factors of s?
2, 17
Suppose -p - 20 = -3*b, b + 7*p - 2*p - 12 = 0. Let w(g) = b*g**2 + 6 - g**3 + 2*g - 2*g - 5*g. List the prime factors of w(6).
2, 3
Let j = 28 - 49. Let c be -4*(j/12 + 0). Suppose -5 - c = -4*b. What are the prime factors of b?
3
Let u be ((-8)/24)/((-1)/24). Suppose -g - 23 = -5*j, -2*j + 3*g - 2*g = -u. Suppose -a - 2*m = -1, 0 = -4*m - 7 - j. List the prime factors of a.
7
Suppose -3*g = 4*d - 319, 0 = g - 2 + 1. Suppose 21 - d = -2*a. List the prime factors of a.
29
Let v be -2*(1 - 3/2). Suppose -29 = -2*l + v. What are the prime factors of l?
3, 5
Let o be (-2)/(-6) + (-4)/12. Let a = o - -2. List the prime factors of (-13 - -1)*(-1)/a.
2, 3
Suppose 17 = 3*j - 1. What are the prime factors of ((-12)/8)/(j/(-40))?
2, 5
Let q be 0*(4/3 + -1). Suppose q = 6*x - 11*x + 150. What are the prime factors of x?
2, 3, 5
Let l = -5 + 9. Let x(t) = -t + 11. Let i be x(8). Suppose -l*h + i*h - 12 = -c, 3*h - 44 = -2*c. What are the prime factors of c?
2
Suppose -3*b - 5*f = -113, -2*b - 3*f = f - 74. Let n = -26 + b. What are the prime factors of n?
3, 5
Suppose -4*w = -1014 - 86. List the prime factors of w.
5, 11
Suppose -2*f - 3 = -1. Let m be f/(-2) + 61/2. What are the prime factors of m/4 - 1/(-4)?
2
List the prime factors of (-35 + -250)*(-4)/5.
2, 3, 19
Let a(s) = s**3 - 3*s**2 - s - 7. List the prime factors of a(6).
5, 19
Suppose -18 = -a - 22. Let s(l) = l**2 - l. Let w(h) = 5*h**2 + 2*h + 4. Let b(t) = 4*s(t) - w(t). What are the prime factors of b(a)?
2
Let d(j) = -3*j**2 - 5*j - 5. Let a(h) = 5*h**2 + 7*h + 7. Let p(c) = 5*a(c) + 8*d(c). Let s be p(6). What are the prime factors of (-10)/3*(-2 - s)?
2, 5
Let i be (-7)/((-21)/18) + 0. Let c(l) = l**3 - 7*l**2 + 7*l + 5. What are the prime factors of c(i)?
11
Suppose 0 = -2*g + 3*y + 116, g = 6*g - y - 277. What are the prime factors of g?
5, 11
Let r be -28 - (-2 - (-2 - -1)). Let g be (-2)/(-9) + (-102)/r. Suppose 5*z + 2*y - 9 = 0, 0 = z - g*z - 4*y - 3. What are the prime factors of z?
3
What are the prime factors of ((-336)/9)/7*-12?
2
What are the prime factors of 1/(-2 + 27/12)?
2
Let v = 19 - 15. Suppose x - 2*p = 32, 4*p - v = -x - 2. List the prime factors of x.
2, 11
Let p(y) be the second derivative of y**3/3 - 4*y**2 + 3*y. List the prime factors of p(6).
2
Suppose 2*y + 6 = -2. Let t be (0 - -2) + (-4)/(-2). List the prime factors of (-13)/t*(y - 0).
13
Let u(x) = x**2. Let m be u(2). Suppose -m*t = -21 + 1. Suppose t*d + 3 = 5*v + 13, 4*v - 32 = -4*d. List the prime factors of d.
5
Let c be (0/2)/(-3 - -6). Suppose 8 + 3 = 5*i - z, 4*z + 2 = -i. Suppose -f + 20 - i = c. What are the prime factors of f?
2, 3
Let g = -42 + -14. Let z = -32 - g. What are the prime factors of (5/(-10))/((-1)/z)?
2, 3
Let b be -1*(2 - 1) + 1. What are the prime factors of b + (0 + 1 - -6)?
7
Suppose -2 - 3 = -5*h. Let z be 1 - (h + 5/(-1)). Suppose -s + 80 = 5*l + 3*s, -80 = -5*l + z*s. List the prime factors of l.
2
Let p = 5 + -1. Suppose 0 = -o + p*o - 21. List the prime factors of o.
7
Let a = 13 - 8. Suppose -4*n = -a*n + 3. Suppose -3*v + 51 = n*o, o - v - 8 = -5*v. What are the prime factors of o?
2, 5
Let p be 18/(((-42)/4)/(-7)). What are the prime factors of (-3 - 1)/(-4) + p?
13
Let c(p) = -p**2 - 5*p + 4. Suppose 3*b + 3 = 0, -2*b - b - 11 = -4*k. Suppose 2*o - 6 = 4*d, k*o - 10 = 5*d - 0. What are the prime factors of c(o)?
2
Let o(c) = -2*c - 9. Let w be o(7). Let l = -13 - w. Suppose -4 = 3*a - l. What are the prime factors of a?
2
Let n(r) = r**2 - 3 + r + 5*r - r - 3*r. What are the prime factors of n(-4)?
5
Let m(u) = u**2 + 18*u - 11. Let r be m(-16). List the prime factors of (5 + -2)/((-3)/r).
43
Suppose 2*w - j = 74, j = -4*w + 2*w + 66. What are the prime factors of w?
5, 7
List the prime factors of ((-24)/(-28))/((-1)/(-49)).
2, 3, 7
Suppose 3*h = -2*h + 4*d + 17, -h = -5*d + 5. Suppose -4*m + h*m - 2 = 0. What are the prime factors of m?
2
Suppose 0 = -3*o - 2*o - 4*t + 264, 0 = -4*t - 16. What are the prime factors of o?
2, 7
What are the prime factors of (17 - -7) + 4/2?
2, 13
Let x = -17 - -29. Suppose -111 + x = -3*t. List the prime factors of t.
3, 11
Suppose -51 = -3*u + 2*u - 5*t, -u - 3*t = -61. Suppose -4*a + u = -40. What are the prime factors of a?
29
Let i = -320 - -519. List the prime factors of i.
199
Let r = -7 - -8. Let l be (r + 0 - 1)/2. Suppose -k = 5*n - 40, -2*k = -l*k. List the prime factors of n.
2
Let v be 11/((1 + 1)/2). Suppose -2*x - v = -3*l, x - 4*l + 24 = 3*x. What are the prime factors of x?
2
Suppose -50*c - 240 = -55*c. What are the prime factors of c?
2, 3
Suppose 2*d + 0*d = 60. Let t = 9 + -3. List the prime factors of (t/10)/(2/d).
3
Let i be 45*5/(25/2). What are the prime factors of i + -1 + 5 + -8?
2, 7
Suppose 12 = 5*d - 8. Suppose 0 = -3*i + 2*v + 33, 4*i + d*v - 9 = 15. Suppose 3 = -3*k + i. List the prime factors of k.
2
Suppose g - 2*n - 709 = -4*g, g = -2*n + 137. What are the prime factors of g?
3, 47
Let x(k) = -k**3 - 4*k**2 - 4*k - 5. Let u be x(-4). Suppose t - 7 = u. List the prime factors of t.
2, 3
Let a be 17 - ((2 - -1) + -6). Suppose 0 = -5*h - a, 102 = 3*g + h - 4*h. List the prime factors of g.
2, 3, 5
What are the prime factors of (-5)/(-30)*4 - 490/(-3)?
2, 41
Let w(h) = -h**2 - 3*h - 2. Let u be w(-2). Let y(t) = -t**2 + 2. Let r be y(u). 